2499 and 931?
49
Calculate the highest common factor of 88 and 1298.
22
Calculate the highest common factor of 30 and 270.
30
What is the greatest common factor of 1825 and 625?
25
Calculate the greatest common divisor of 129 and 688.
43
What is the highest common factor of 24 and 21352?
8
What is the greatest common divisor of 45 and 414?
9
Calculate the highest common divisor of 371 and 53.
53
What is the highest common factor of 130 and 8255?
65
Calculate the greatest common divisor of 112 and 140.
28
What is the highest common divisor of 2406 and 90?
6
What is the highest common divisor of 18 and 6?
6
Calculate the highest common factor of 5015 and 1870.
85
What is the greatest common factor of 32 and 1376?
32
Calculate the greatest common factor of 637 and 767.
13
What is the highest common divisor of 160 and 35?
5
What is the highest common factor of 2820 and 135?
15
What is the highest common factor of 14118 and 78?
78
What is the highest common divisor of 38 and 41363?
19
Calculate the greatest common divisor of 1748 and 76.
76
What is the highest common divisor of 8 and 1432?
8
Calculate the greatest common factor of 1155 and 420.
105
Calculate the greatest common divisor of 159 and 795.
159
What is the highest common factor of 246 and 174?
6
Calculate the highest common factor of 246 and 102.
6
What is the highest common divisor of 32 and 3152?
16
What is the greatest common divisor of 572 and 2684?
44
What is the highest common factor of 1421 and 196?
49
Calculate the greatest common divisor of 490 and 2975.
35
What is the highest common divisor of 196 and 1078?
98
Calculate the greatest common divisor of 1190 and 68.
34
Calculate the highest common divisor of 568 and 71.
71
Calculate the greatest common factor of 21 and 987.
21
What is the highest common divisor of 34 and 30974?
34
Calculate the highest common factor of 16244 and 124.
124
What is the greatest common factor of 394 and 25413?
197
Calculate the greatest common divisor of 45948 and 168.
84
What is the greatest common factor of 28 and 70?
14
What is the greatest common factor of 1819 and 136?
17
Calculate the greatest common divisor of 9 and 96.
3
Calculate the greatest common divisor of 36 and 351.
9
What is the highest common divisor of 1866 and 12?
6
What is the highest common factor of 3 and 540?
3
What is the greatest common factor of 1462 and 86?
86
What is the greatest common divisor of 490 and 147?
49
Calculate the greatest common divisor of 1449 and 126.
63
What is the highest common divisor of 546 and 806?
26
Calculate the highest common divisor of 266 and 456.
38
Calculate the highest common divisor of 21 and 231.
21
What is the greatest common divisor of 66372 and 12?
12
Calculate the greatest common factor of 477 and 756.
9
Calculate the greatest common divisor of 17 and 1003.
17
What is the greatest common factor of 340 and 425?
85
Calculate the greatest common divisor of 5226 and 268.
134
What is the greatest common divisor of 4 and 116?
4
What is the greatest common divisor of 130 and 10?
10
Calculate the highest common factor of 41 and 39032.
41
Calculate the greatest common factor of 3830 and 40.
10
Calculate the greatest common divisor of 795 and 8109.
159
What is the highest common factor of 107 and 7?
1
Calculate the greatest common factor of 1 and 443.
1
What is the highest common factor of 990 and 11?
11
What is the highest common factor of 2624 and 738?
82
What is the greatest common divisor of 448 and 210?
14
Calculate the greatest common divisor of 299 and 92.
23
Calculate the highest common divisor of 847 and 21.
7
Calculate the greatest common divisor of 270 and 10.
10
Calculate the greatest common divisor of 120 and 280.
40
Calculate the greatest common divisor of 76 and 95.
19
Calculate the greatest common divisor of 65 and 45.
5
Calculate the highest common divisor of 36 and 252.
36
Calculate the highest common divisor of 11730 and 68.
34
Calculate the greatest common divisor of 162 and 78.
6
Calculate the highest common factor of 1406 and 296.
74
What is the highest common divisor of 7 and 28?
7
Calculate the highest common factor of 732 and 588.
12
Calculate the greatest common factor of 12 and 824.
4
Calculate the highest common factor of 382 and 573.
191
What is the highest common factor of 23 and 33787?
23
What is the greatest common factor of 143 and 10127?
13
What is the greatest common divisor of 4 and 236?
4
What is the greatest common factor of 5226 and 12?
6
Calculate the greatest common factor of 18 and 3672.
18
What is the highest common factor of 133 and 343?
7
Calculate the greatest common divisor of 945 and 30.
15
What is the highest common factor of 14 and 6?
2
Calculate the highest common factor of 836 and 616.
44
Calculate the highest common factor of 510 and 30.
30
Calculate the greatest common divisor of 625 and 1925.
25
What is the highest common factor of 52 and 188?
4
Calculate the highest common factor of 969 and 114.
57
What is the greatest common factor of 2 and 5318?
2
Calculate the highest common divisor of 175 and 75.
25
What is the greatest common divisor of 230 and 10?
10
Calculate the highest common divisor of 150 and 2175.
75
What is the highest common factor of 33 and 264?
33
Calculate the highest common factor of 38 and 171.
19
What is the highest common divisor of 1073 and 111?
37
What is the highest common factor of 3576 and 24?
24
What is the highest common factor of 115 and 575?
115
Calculate the greatest common divisor of 605 and 25.
5
What is the greatest common divisor of 27566 and 308?
154
Calculate the greatest common divisor of 500 and 1875.
125
Calculate the greatest common factor of 53 and 32807.
53
What is the greatest common factor of 221 and 119?
17
Calculate the highest common divisor of 450 and 36.
18
What is the highest common divisor of 15982 and 366?
122
What is the highest common factor of 16 and 344?
8
What is the highest common divisor of 3421 and 33?
11
Calculate the highest common divisor of 147 and 1113.
21
Calculate the highest common factor of 49 and 2646.
49
What is the highest common factor of 240 and 105?
15
Calculate the greatest common divisor of 250 and 6050.
50
Calculate the greatest common factor of 56 and 49.
7
Calculate the highest common factor of 4036 and 8.
4
Calculate the greatest common divisor of 2915 and 275.
55
Calculate the highest common divisor of 38 and 2.
2
What is the greatest common factor of 53 and 2173?
53
Calculate the greatest common divisor of 3612 and 84.
84
What is the greatest common divisor of 85692 and 444?
444
Calculate the highest common factor of 9 and 63.
9
Calculate the highest common factor of 16172 and 52.
52
Calculate the highest common divisor of 410 and 1394.
82
Calculate the highest common divisor of 112 and 5992.
56
What is the highest common divisor of 209 and 266?
19
What is the highest common factor of 414 and 966?
138
What is the highest common factor of 1849 and 172?
43
What is the greatest common factor of 5 and 405?
5
Calculate the greatest common factor of 128 and 160.
32
What is the highest common factor of 4 and 187?
1
What is the greatest common divisor of 63 and 54?
9
What is the highest common factor of 110 and 374?
22
What is the highest common divisor of 3 and 75?
3
Calculate the highest common factor of 2262 and 78.
78
What is the highest common factor of 85 and 1921?
17
Calculate the highest common factor of 1290 and 20.
10
Calculate the highest common factor of 2541 and 21.
21
What is the greatest common factor of 64 and 512?
64
What is the greatest common divisor of 4 and 5556?
4
Calculate the greatest common divisor of 276 and 108.
12
Calculate the highest common factor of 42 and 63.
21
Calculate the greatest common divisor of 120 and 840.
120
What is the greatest common factor of 3116 and 76?
76
Calculate the highest common factor of 210 and 140.
70
Calculate the highest common factor of 4386 and 516.
258
Calculate the highest common factor of 1944 and 81.
81
What is the greatest common factor of 12 and 1284?
12
What is the greatest common factor of 1 and 61?
1
What is the greatest common factor of 118 and 50?
2
What is the highest common factor of 6986 and 98?
14
What is the highest common factor of 3288